{"id":2525,"date":"2021-03-30T14:14:25","date_gmt":"2021-03-30T18:14:25","guid":{"rendered":"http:\/\/rmrsyndics.local\/?page_id=2525"},"modified":"2025-10-03T12:26:13","modified_gmt":"2025-10-03T16:26:13","slug":"consultation-gratuite","status":"publish","type":"page","link":"https:\/\/bagel.staging.agencealto.ca\/bagel\/consultation-gratuite\/","title":{"rendered":"Consultation gratuite"},"content":{"rendered":"\t\t<div data-elementor-type=\"wp-post\" data-elementor-id=\"2525\" class=\"elementor elementor-2525\" data-elementor-post-type=\"page\">\n\t\t\t\t<div class=\"elementor-element elementor-element-1f30c5af elementor-hidden-mobile elementor-hidden-tablet e-flex e-con-boxed e-con e-parent\" data-id=\"1f30c5af\" data-element_type=\"container\" data-e-type=\"container\">\n\t\t\t\t\t<div class=\"e-con-inner\">\n\t\t<div class=\"elementor-element elementor-element-691c60df e-con-full e-flex e-con e-child\" data-id=\"691c60df\" data-element_type=\"container\" data-e-type=\"container\" data-settings=\"{&quot;background_background&quot;:&quot;classic&quot;}\">\n\t\t<div class=\"elementor-element elementor-element-427c4382 elementor-hidden-tablet elementor-hidden-mobile e-con-full e-flex e-con e-child\" data-id=\"427c4382\" data-element_type=\"container\" data-e-type=\"container\">\n\t\t<div class=\"elementor-element elementor-element-699f4757 e-con-full e-flex e-con e-child\" data-id=\"699f4757\" data-element_type=\"container\" data-e-type=\"container\">\n\t\t\t\t<div class=\"elementor-element elementor-element-141932a6 elementor-invisible elementor-widget elementor-widget-heading\" data-id=\"141932a6\" data-element_type=\"widget\" data-e-type=\"widget\" data-settings=\"{&quot;_animation&quot;:&quot;fadeInDown&quot;}\" data-widget_type=\"heading.default\">\n\t\t\t\t\t<h1 class=\"elementor-heading-title elementor-size-default\">Consultation gratuite et confidentielle<\/h1>\t\t\t\t<\/div>\n\t\t\t\t<div class=\"elementor-element elementor-element-79c548e elementor-widget elementor-widget-heading\" data-id=\"79c548e\" data-element_type=\"widget\" data-e-type=\"widget\" data-widget_type=\"heading.default\">\n\t\t\t\t\t<h2 class=\"elementor-heading-title elementor-size-default\">Plusieurs solutions s'offrent \u00e0 vous<\/h2>\t\t\t\t<\/div>\n\t\t\t\t<div class=\"elementor-element elementor-element-52ffdfd0 elementor-widget__width-initial elementor-widget elementor-widget-text-editor\" data-id=\"52ffdfd0\" data-element_type=\"widget\" data-e-type=\"widget\" data-widget_type=\"text-editor.default\">\n\t\t\t\t\t\t\t\t\t<p><span style=\"color: #ffffff;\">Remplissez ce court formulaire afin de prendre rendez-vous aupr\u00e8s de l\u2019un de <strong><span style=\"text-decoration: underline;\"><a href=\"https:\/\/bagel.staging.agencealto.ca\/bagel\/notre-equipe\/\"><span style=\"color: #ffffff;\">nos conseillers et syndics.<\/span><\/a><\/span><\/strong> <\/span><\/p>\t\t\t\t\t\t\t\t<\/div>\n\t\t\t\t<\/div>\n\t\t\t\t<\/div>\n\t\t\t\t<\/div>\n\t\t\t\t\t<\/div>\n\t\t\t\t<\/div>\n\t\t<div class=\"elementor-element elementor-element-4386792 e-con-full elementor-hidden-desktop e-flex e-con e-parent\" data-id=\"4386792\" data-element_type=\"container\" data-e-type=\"container\" data-settings=\"{&quot;background_background&quot;:&quot;classic&quot;}\">\n\t\t<div class=\"elementor-element elementor-element-0d86c20 elementor-hidden-desktop e-con-full e-flex e-con e-child\" data-id=\"0d86c20\" data-element_type=\"container\" data-e-type=\"container\">\n\t\t\t\t<div class=\"elementor-element elementor-element-30ee96f elementor-widget elementor-widget-heading\" data-id=\"30ee96f\" data-element_type=\"widget\" data-e-type=\"widget\" data-widget_type=\"heading.default\">\n\t\t\t\t\t<h1 class=\"elementor-heading-title elementor-size-default\">Consultation gratuite et confidentielle<\/h1>\t\t\t\t<\/div>\n\t\t\t\t<div class=\"elementor-element elementor-element-1b1c624 elementor-widget elementor-widget-heading\" data-id=\"1b1c624\" data-element_type=\"widget\" data-e-type=\"widget\" data-widget_type=\"heading.default\">\n\t\t\t\t\t<h2 class=\"elementor-heading-title elementor-size-default\">Plusieurs solutions s'offrent \u00e0 vous<\/h2>\t\t\t\t<\/div>\n\t\t\t\t<\/div>\n\t\t\t\t<\/div>\n\t\t\t\t<section class=\"elementor-section elementor-top-section elementor-element elementor-element-7a03659e elementor-section-stretched elementor-section-boxed elementor-section-height-default elementor-section-height-default\" data-id=\"7a03659e\" data-element_type=\"section\" data-e-type=\"section\" data-settings=\"{&quot;stretch_section&quot;:&quot;section-stretched&quot;,&quot;background_background&quot;:&quot;gradient&quot;}\">\n\t\t\t\t\t\t<div class=\"elementor-container elementor-column-gap-no\">\n\t\t\t\t\t<div class=\"elementor-column elementor-col-100 elementor-top-column elementor-element elementor-element-600d19e1\" data-id=\"600d19e1\" data-element_type=\"column\" data-e-type=\"column\" data-settings=\"{&quot;background_background&quot;:&quot;gradient&quot;}\">\n\t\t\t<div class=\"elementor-widget-wrap elementor-element-populated\">\n\t\t\t\t\t<div class=\"elementor-background-overlay\"><\/div>\n\t\t\t\t\t\t<div class=\"elementor-element elementor-element-4568fc59 elementor-widget elementor-widget-spacer\" data-id=\"4568fc59\" data-element_type=\"widget\" data-e-type=\"widget\" data-widget_type=\"spacer.default\">\n\t\t\t\t\t\t\t<div class=\"elementor-spacer\">\n\t\t\t<div class=\"elementor-spacer-inner\"><\/div>\n\t\t<\/div>\n\t\t\t\t\t\t<\/div>\n\t\t\t\t<div class=\"elementor-element elementor-element-6a48455d elementor-widget elementor-widget-heading\" data-id=\"6a48455d\" data-element_type=\"widget\" data-e-type=\"widget\" data-widget_type=\"heading.default\">\n\t\t\t\t\t<h2 class=\"elementor-heading-title elementor-size-default\">Prenez rendez-vous\u200b\n<\/h2>\t\t\t\t<\/div>\n\t\t\t\t<div class=\"elementor-element elementor-element-5441ce8f elementor-widget elementor-widget-heading\" data-id=\"5441ce8f\" data-element_type=\"widget\" data-e-type=\"widget\" data-widget_type=\"heading.default\">\n\t\t\t\t\t<h3 class=\"elementor-heading-title elementor-size-default\">Rencontres en appel vid\u00e9o | Aucun d\u00e9placement requis <br>\nConsultations confidentielles | Rendez-vous en moins de 24h.<\/h3>\t\t\t\t<\/div>\n\t\t\t\t<div class=\"elementor-element elementor-element-184013ee elementor-widget elementor-widget-text-editor\" data-id=\"184013ee\" data-element_type=\"widget\" data-e-type=\"widget\" data-widget_type=\"text-editor.default\">\n\t\t\t\t\t\t\t\t\t<p><em><span style=\"font-weight: 400;\">Vos informations sont confidentielles : les donn\u00e9es ne sont pas conserv\u00e9es sur ce site.<\/span><\/em><\/p>\t\t\t\t\t\t\t\t<\/div>\n\t\t\t\t<div class=\"elementor-element elementor-element-6bf3e0c6 elementor-widget elementor-widget-text-editor\" data-id=\"6bf3e0c6\" data-element_type=\"widget\" data-e-type=\"widget\" data-widget_type=\"text-editor.default\">\n\t\t\t\t\t\t\t\t\t<p><div class='_form_130'><\/div><script type='text\/javascript' src='https:\/\/roymetivierroberge.activehosted.com\/f\/embed.php?static=0&#038;id=130&#038;69E2EEAF04BF6&#038;nostyles=0&#038;preview=0'><\/script><\/p>\t\t\t\t\t\t\t\t<\/div>\n\t\t\t\t<div class=\"elementor-element elementor-element-68239966 elementor-headline--style-highlight elementor-widget elementor-widget-global elementor-global-10174 elementor-widget-animated-headline\" data-id=\"68239966\" data-element_type=\"widget\" data-e-type=\"widget\" data-settings=\"{&quot;marker&quot;:&quot;double_underline&quot;,&quot;highlighted_text&quot;:&quot;gratuite et confidentielle&quot;,&quot;headline_style&quot;:&quot;highlight&quot;,&quot;loop&quot;:&quot;yes&quot;,&quot;highlight_animation_duration&quot;:1200,&quot;highlight_iteration_delay&quot;:8000}\" data-widget_type=\"animated-headline.default\">\n\t\t\t\t\t\t\t<h3 class=\"elementor-headline\">\n\t\t\t\t\t<span class=\"elementor-headline-plain-text elementor-headline-text-wrapper\">Consultation<\/span>\n\t\t\t\t<span class=\"elementor-headline-dynamic-wrapper elementor-headline-text-wrapper\">\n\t\t\t\t\t<span class=\"elementor-headline-dynamic-text elementor-headline-text-active\">gratuite et confidentielle<\/span>\n\t\t\t\t<\/span>\n\t\t\t\t<\/h3>\n\t\t\t\t\t\t<\/div>\n\t\t\t\t<div class=\"elementor-element elementor-element-211f0647 elementor-widget elementor-widget-spacer\" data-id=\"211f0647\" data-element_type=\"widget\" data-e-type=\"widget\" data-widget_type=\"spacer.default\">\n\t\t\t\t\t\t\t<div class=\"elementor-spacer\">\n\t\t\t<div class=\"elementor-spacer-inner\"><\/div>\n\t\t<\/div>\n\t\t\t\t\t\t<\/div>\n\t\t\t\t\t<\/div>\n\t\t<\/div>\n\t\t\t\t\t<\/div>\n\t\t<\/section>\n\t\t\t\t<\/div>\n\t\t","protected":false},"excerpt":{"rendered":"<p>Consultation gratuite et confidentielle Plusieurs solutions s&rsquo;offrent \u00e0 vous Remplissez ce court formulaire afin de prendre rendez-vous aupr\u00e8s de l\u2019un de nos conseillers et syndics. Consultation gratuite et confidentielle Plusieurs solutions s&rsquo;offrent [&hellip;]<\/p>\n","protected":false},"author":1,"featured_media":0,"parent":0,"menu_order":0,"comment_status":"closed","ping_status":"closed","template":"","meta":{"site-sidebar-layout":"no-sidebar","site-content-layout":"page-builder","ast-site-content-layout":"full-width-container","site-content-style":"unboxed","site-sidebar-style":"unboxed","ast-global-header-display":"","ast-banner-title-visibility":"","ast-main-header-display":"","ast-hfb-above-header-display":"","ast-hfb-below-header-display":"","ast-hfb-mobile-header-display":"","site-post-title":"disabled","ast-breadcrumbs-content":"","ast-featured-img":"disabled","footer-sml-layout":"","ast-disable-related-posts":"","theme-transparent-header-meta":"enabled","adv-header-id-meta":"","stick-header-meta":"default","header-above-stick-meta":"","header-main-stick-meta":"","header-below-stick-meta":"","astra-migrate-meta-layouts":"set","ast-page-background-enabled":"default","ast-page-background-meta":{"desktop":{"background-color":"","background-image":"","background-repeat":"repeat","background-position":"center center","background-size":"auto","background-attachment":"scroll","background-type":"","background-media":"","overlay-type":"","overlay-color":"","overlay-opacity":"","overlay-gradient":""},"tablet":{"background-color":"","background-image":"","background-repeat":"repeat","background-position":"center center","background-size":"auto","background-attachment":"scroll","background-type":"","background-media":"","overlay-type":"","overlay-color":"","overlay-opacity":"","overlay-gradient":""},"mobile":{"background-color":"","background-image":"","background-repeat":"repeat","background-position":"center center","background-size":"auto","background-attachment":"scroll","background-type":"","background-media":"","overlay-type":"","overlay-color":"","overlay-opacity":"","overlay-gradient":""}},"ast-content-background-meta":{"desktop":{"background-color":"var(--ast-global-color-5)","background-image":"","background-repeat":"repeat","background-position":"center center","background-size":"auto","background-attachment":"scroll","background-type":"","background-media":"","overlay-type":"","overlay-color":"","overlay-opacity":"","overlay-gradient":""},"tablet":{"background-color":"var(--ast-global-color-5)","background-image":"","background-repeat":"repeat","background-position":"center center","background-size":"auto","background-attachment":"scroll","background-type":"","background-media":"","overlay-type":"","overlay-color":"","overlay-opacity":"","overlay-gradient":""},"mobile":{"background-color":"var(--ast-global-color-5)","background-image":"","background-repeat":"repeat","background-position":"center center","background-size":"auto","background-attachment":"scroll","background-type":"","background-media":"","overlay-type":"","overlay-color":"","overlay-opacity":"","overlay-gradient":""}},"footnotes":""},"class_list":["post-2525","page","type-page","status-publish","hentry"],"yoast_head":"<!-- This site is optimized with the Yoast SEO Premium plugin v26.9 (Yoast SEO v26.9) - https:\/\/yoast.com\/product\/yoast-seo-premium-wordpress\/ -->\n<title>Consultation gratuite - Roy M\u00e9tivier Roberge | 1-844-651-5500<\/title>\n<meta name=\"description\" content=\"Obtenez une consultation gratuite, confidentielle et sans obligation. Notre raison d&#039;\u00eatre est de r\u00e9gler des situations d&#039;insolvabilit\u00e9 et d&#039;aider nos clients \u00e0 se tourner vers un meilleur avenir.\" \/>\n<meta name=\"robots\" content=\"noindex, follow, max-snippet:-1, max-image-preview:large, max-video-preview:-1\" \/>\n<meta property=\"og:locale\" content=\"fr_CA\" \/>\n<meta property=\"og:type\" content=\"article\" \/>\n<meta property=\"og:title\" content=\"Consultation gratuite | Roy M\u00e9tivier Roberge | 1-844-651-5500\" \/>\n<meta property=\"og:description\" content=\"Obtenez une consultation gratuite, confidentielle et sans obligation. Notre raison d&#039;\u00eatre est de r\u00e9gler des situations d&#039;insolvabilit\u00e9 et d&#039;aider nos clients \u00e0 se tourner vers un meilleur avenir.\" \/>\n<meta property=\"og:url\" content=\"https:\/\/bagel.staging.agencealto.ca\/bagel\/consultation-gratuite\/\" \/>\n<meta property=\"og:site_name\" content=\"Roy M\u00e9tivier Roberge\" \/>\n<meta property=\"article:publisher\" content=\"https:\/\/www.facebook.com\/rmrsyndics\" \/>\n<meta property=\"article:modified_time\" content=\"2025-10-03T16:26:13+00:00\" \/>\n<meta property=\"og:image\" content=\"https:\/\/bagel.staging.agencealto.ca\/bagel\/wp-content\/uploads\/2025\/01\/Syndics-aide-finances-mob.webp\" \/>\n\t<meta property=\"og:image:width\" content=\"800\" \/>\n\t<meta property=\"og:image:height\" content=\"1200\" \/>\n\t<meta property=\"og:image:type\" content=\"image\/webp\" \/>\n<meta name=\"twitter:label1\" content=\"Estimation du temps de lecture\" \/>\n\t<meta name=\"twitter:data1\" content=\"1 minute\" \/>\n<script type=\"application\/ld+json\" class=\"yoast-schema-graph\">{\"@context\":\"https:\/\/schema.org\",\"@graph\":[{\"@type\":\"WebPage\",\"@id\":\"https:\/\/bagel.staging.agencealto.ca\/bagel\/consultation-gratuite\/\",\"url\":\"https:\/\/bagel.staging.agencealto.ca\/bagel\/consultation-gratuite\/\",\"name\":\"Consultation gratuite - Roy M\u00e9tivier Roberge | 1-844-651-5500\",\"isPartOf\":{\"@id\":\"https:\/\/bagel.staging.agencealto.ca\/bagel\/#website\"},\"datePublished\":\"2021-03-30T18:14:25+00:00\",\"dateModified\":\"2025-10-03T16:26:13+00:00\",\"description\":\"Obtenez une consultation gratuite, confidentielle et sans obligation. Notre raison d'\u00eatre est de r\u00e9gler des situations d'insolvabilit\u00e9 et d'aider nos clients \u00e0 se tourner vers un meilleur avenir.\",\"breadcrumb\":{\"@id\":\"https:\/\/bagel.staging.agencealto.ca\/bagel\/consultation-gratuite\/#breadcrumb\"},\"inLanguage\":\"fr-CA\",\"potentialAction\":[{\"@type\":\"ReadAction\",\"target\":[\"https:\/\/bagel.staging.agencealto.ca\/bagel\/consultation-gratuite\/\"]}]},{\"@type\":\"BreadcrumbList\",\"@id\":\"https:\/\/bagel.staging.agencealto.ca\/bagel\/consultation-gratuite\/#breadcrumb\",\"itemListElement\":[{\"@type\":\"ListItem\",\"position\":1,\"name\":\"Accueil\",\"item\":\"https:\/\/bagel.staging.agencealto.ca\/bagel\/\"},{\"@type\":\"ListItem\",\"position\":2,\"name\":\"Consultation gratuite\"}]},{\"@type\":\"WebSite\",\"@id\":\"https:\/\/bagel.staging.agencealto.ca\/bagel\/#website\",\"url\":\"https:\/\/bagel.staging.agencealto.ca\/bagel\/\",\"name\":\"Roy M\u00e9tivier Roberge\",\"description\":\"Vous, avant tout...\",\"publisher\":{\"@id\":\"https:\/\/bagel.staging.agencealto.ca\/bagel\/#organization\"},\"alternateName\":\"RMR\",\"potentialAction\":[{\"@type\":\"SearchAction\",\"target\":{\"@type\":\"EntryPoint\",\"urlTemplate\":\"https:\/\/bagel.staging.agencealto.ca\/bagel\/?s={search_term_string}\"},\"query-input\":{\"@type\":\"PropertyValueSpecification\",\"valueRequired\":true,\"valueName\":\"search_term_string\"}}],\"inLanguage\":\"fr-CA\"},{\"@type\":\"Organization\",\"@id\":\"https:\/\/bagel.staging.agencealto.ca\/bagel\/#organization\",\"name\":\"Roy M\u00e9tivier Roberge\",\"alternateName\":\"RMR\",\"url\":\"https:\/\/bagel.staging.agencealto.ca\/bagel\/\",\"logo\":{\"@type\":\"ImageObject\",\"inLanguage\":\"fr-CA\",\"@id\":\"https:\/\/bagel.staging.agencealto.ca\/bagel\/#\/schema\/logo\/image\/\",\"url\":\"https:\/\/bagel.staging.agencealto.ca\/bagel\/wp-content\/uploads\/2025\/10\/Logo-RMR-250x250px.png\",\"contentUrl\":\"https:\/\/bagel.staging.agencealto.ca\/bagel\/wp-content\/uploads\/2025\/10\/Logo-RMR-250x250px.png\",\"width\":250,\"height\":250,\"caption\":\"Roy M\u00e9tivier Roberge\"},\"image\":{\"@id\":\"https:\/\/bagel.staging.agencealto.ca\/bagel\/#\/schema\/logo\/image\/\"},\"sameAs\":[\"https:\/\/www.facebook.com\/rmrsyndics\",\"https:\/\/www.instagram.com\/roy.metivier.roberge\/\",\"https:\/\/www.linkedin.com\/company\/roy-m-tivier-roberge-syndics\/\",\"https:\/\/www.youtube.com\/channel\/UCMeL51obFqdNvSybGwhZsqw\"],\"description\":\"Roy M\u00e9tivier Roberge trouve des solutions pour surmonter vos difficult\u00e9s financi\u00e8res. Consultation gratuite et confidentielle pour \u00e9viter la faillite\",\"email\":\"info@rmrsyndics.com\",\"telephone\":\"1 844 651-5500\",\"legalName\":\"ROY M\u00c9TIVIER ROBERGE INC.\",\"foundingDate\":\"2000-08-03\",\"numberOfEmployees\":{\"@type\":\"QuantitativeValue\",\"minValue\":\"11\",\"maxValue\":\"50\"}}]}<\/script>\n<!-- \/ Yoast SEO Premium plugin. -->","yoast_head_json":{"title":"Consultation gratuite - Roy M\u00e9tivier Roberge | 1-844-651-5500","description":"Obtenez une consultation gratuite, confidentielle et sans obligation. Notre raison d'\u00eatre est de r\u00e9gler des situations d'insolvabilit\u00e9 et d'aider nos clients \u00e0 se tourner vers un meilleur avenir.","robots":{"index":"noindex","follow":"follow","max-snippet":"max-snippet:-1","max-image-preview":"max-image-preview:large","max-video-preview":"max-video-preview:-1"},"og_locale":"fr_CA","og_type":"article","og_title":"Consultation gratuite | Roy M\u00e9tivier Roberge | 1-844-651-5500","og_description":"Obtenez une consultation gratuite, confidentielle et sans obligation. Notre raison d'\u00eatre est de r\u00e9gler des situations d'insolvabilit\u00e9 et d'aider nos clients \u00e0 se tourner vers un meilleur avenir.","og_url":"https:\/\/bagel.staging.agencealto.ca\/bagel\/consultation-gratuite\/","og_site_name":"Roy M\u00e9tivier Roberge","article_publisher":"https:\/\/www.facebook.com\/rmrsyndics","article_modified_time":"2025-10-03T16:26:13+00:00","og_image":[{"width":800,"height":1200,"url":"https:\/\/bagel.staging.agencealto.ca\/bagel\/wp-content\/uploads\/2025\/01\/Syndics-aide-finances-mob.webp","type":"image\/webp"}],"twitter_misc":{"Estimation du temps de lecture":"1 minute"},"schema":{"@context":"https:\/\/schema.org","@graph":[{"@type":"WebPage","@id":"https:\/\/bagel.staging.agencealto.ca\/bagel\/consultation-gratuite\/","url":"https:\/\/bagel.staging.agencealto.ca\/bagel\/consultation-gratuite\/","name":"Consultation gratuite - Roy M\u00e9tivier Roberge | 1-844-651-5500","isPartOf":{"@id":"https:\/\/bagel.staging.agencealto.ca\/bagel\/#website"},"datePublished":"2021-03-30T18:14:25+00:00","dateModified":"2025-10-03T16:26:13+00:00","description":"Obtenez une consultation gratuite, confidentielle et sans obligation. Notre raison d'\u00eatre est de r\u00e9gler des situations d'insolvabilit\u00e9 et d'aider nos clients \u00e0 se tourner vers un meilleur avenir.","breadcrumb":{"@id":"https:\/\/bagel.staging.agencealto.ca\/bagel\/consultation-gratuite\/#breadcrumb"},"inLanguage":"fr-CA","potentialAction":[{"@type":"ReadAction","target":["https:\/\/bagel.staging.agencealto.ca\/bagel\/consultation-gratuite\/"]}]},{"@type":"BreadcrumbList","@id":"https:\/\/bagel.staging.agencealto.ca\/bagel\/consultation-gratuite\/#breadcrumb","itemListElement":[{"@type":"ListItem","position":1,"name":"Accueil","item":"https:\/\/bagel.staging.agencealto.ca\/bagel\/"},{"@type":"ListItem","position":2,"name":"Consultation gratuite"}]},{"@type":"WebSite","@id":"https:\/\/bagel.staging.agencealto.ca\/bagel\/#website","url":"https:\/\/bagel.staging.agencealto.ca\/bagel\/","name":"Roy M\u00e9tivier Roberge","description":"Vous, avant tout...","publisher":{"@id":"https:\/\/bagel.staging.agencealto.ca\/bagel\/#organization"},"alternateName":"RMR","potentialAction":[{"@type":"SearchAction","target":{"@type":"EntryPoint","urlTemplate":"https:\/\/bagel.staging.agencealto.ca\/bagel\/?s={search_term_string}"},"query-input":{"@type":"PropertyValueSpecification","valueRequired":true,"valueName":"search_term_string"}}],"inLanguage":"fr-CA"},{"@type":"Organization","@id":"https:\/\/bagel.staging.agencealto.ca\/bagel\/#organization","name":"Roy M\u00e9tivier Roberge","alternateName":"RMR","url":"https:\/\/bagel.staging.agencealto.ca\/bagel\/","logo":{"@type":"ImageObject","inLanguage":"fr-CA","@id":"https:\/\/bagel.staging.agencealto.ca\/bagel\/#\/schema\/logo\/image\/","url":"https:\/\/bagel.staging.agencealto.ca\/bagel\/wp-content\/uploads\/2025\/10\/Logo-RMR-250x250px.png","contentUrl":"https:\/\/bagel.staging.agencealto.ca\/bagel\/wp-content\/uploads\/2025\/10\/Logo-RMR-250x250px.png","width":250,"height":250,"caption":"Roy M\u00e9tivier Roberge"},"image":{"@id":"https:\/\/bagel.staging.agencealto.ca\/bagel\/#\/schema\/logo\/image\/"},"sameAs":["https:\/\/www.facebook.com\/rmrsyndics","https:\/\/www.instagram.com\/roy.metivier.roberge\/","https:\/\/www.linkedin.com\/company\/roy-m-tivier-roberge-syndics\/","https:\/\/www.youtube.com\/channel\/UCMeL51obFqdNvSybGwhZsqw"],"description":"Roy M\u00e9tivier Roberge trouve des solutions pour surmonter vos difficult\u00e9s financi\u00e8res. Consultation gratuite et confidentielle pour \u00e9viter la faillite","email":"info@rmrsyndics.com","telephone":"1 844 651-5500","legalName":"ROY M\u00c9TIVIER ROBERGE INC.","foundingDate":"2000-08-03","numberOfEmployees":{"@type":"QuantitativeValue","minValue":"11","maxValue":"50"}}]}},"_links":{"self":[{"href":"https:\/\/bagel.staging.agencealto.ca\/bagel\/wp-json\/wp\/v2\/pages\/2525","targetHints":{"allow":["GET"]}}],"collection":[{"href":"https:\/\/bagel.staging.agencealto.ca\/bagel\/wp-json\/wp\/v2\/pages"}],"about":[{"href":"https:\/\/bagel.staging.agencealto.ca\/bagel\/wp-json\/wp\/v2\/types\/page"}],"author":[{"embeddable":true,"href":"https:\/\/bagel.staging.agencealto.ca\/bagel\/wp-json\/wp\/v2\/users\/1"}],"replies":[{"embeddable":true,"href":"https:\/\/bagel.staging.agencealto.ca\/bagel\/wp-json\/wp\/v2\/comments?post=2525"}],"version-history":[{"count":5,"href":"https:\/\/bagel.staging.agencealto.ca\/bagel\/wp-json\/wp\/v2\/pages\/2525\/revisions"}],"predecessor-version":[{"id":53728,"href":"https:\/\/bagel.staging.agencealto.ca\/bagel\/wp-json\/wp\/v2\/pages\/2525\/revisions\/53728"}],"wp:attachment":[{"href":"https:\/\/bagel.staging.agencealto.ca\/bagel\/wp-json\/wp\/v2\/media?parent=2525"}],"curies":[{"name":"wp","href":"https:\/\/api.w.org\/{rel}","templated":true}]}}